= -103 - n. What is the units digit of d?
2
What is the hundreds digit of ((-24)/48*-8)/(8/(-14)) + 14816?
8
Let m be ((-76)/12)/((20/12)/5). Let a(w) = -w**3 - 17*w**2 + 8*w + 63. What is the tens digit of a(m)?
3
Let j = 285 + -284. Let n(h) = 1540*h**2 - 12*h + 13. What is the thousands digit of n(j)?
1
Let c be 2/(-3)*510/340. Suppose 3*z = 5*o + 169, -50 = -2*z - o + 41. What is the units digit of -33*(-92)/z*(c - -5)?
3
Let s(r) = -r**3 - 5*r**2 - r - 2. Let u be s(-5). Let t(n) = -17 + 26*n + u*n + 22*n - 7*n. What is the hundreds digit of t(6)?
2
Suppose 0 = 18*q - 35 - 1. Suppose q*t - 124 = 4*s, 3*t - 113 = -2*s + 49. What is the tens digit of t?
5
Let u = 71876 - 45122. Suppose -15*y + u = 11*y. What is the hundreds digit of y?
0
Let l = -33962 + 58580. What is the thousands digit of l?
4
Let l(o) = -26*o**2 - 11*o - 8. Let u(h) = h**3 + h - 1. Let j(z) = l(z) + 2*u(z). What is the tens digit of j(15)?
5
Let s = -364 - -3574. What is the tens digit of s?
1
Suppose -i + 1 = 5*s - 14, 2*i = 3*s + 4. Suppose -2*v = x - 34, -3*x + s*x = v - 33. Suppose 4*r + x - 432 = 0. What is the units digit of r?
0
Suppose 3 - 5 = c. Let p be c/(0 - -2) + -46. Let h = p + 72. What is the units digit of h?
5
Suppose 17*n = 21*n + 480. What is the units digit of (n/48)/((-2)/92)?
5
Suppose -238*o + 118844 = -227*o. What is the ten thousands digit of o?
1
Let s be (-1)/(-3) - (-10185)/9. Suppose 5*y - 543 = s. What is the units digit of y?
5
Let t = 113 - 95. Let p be (-1)/(-3) - (-48)/t. Suppose -2*h - 410 = -5*x, -4*h + 41 = p*x - 231. What is the tens digit of x?
8
Suppose i - 50756 = -s, 205 = -i + 211. What is the hundreds digit of s?
7
Let h(a) = -59283*a + 1467. What is the tens digit of h(-1)?
5
Suppose 0 = -4*a - 2*u - 22, -3*u = 3*a - 9 + 27. Let r be (-3 + (-6)/(-10))/(1/a). What is the tens digit of 201/r*(10 + -2)?
3
Suppose 10*p = 21 + 29. Suppose s + h = 102 + 678, 3*s + p*h - 2336 = 0. What is the units digit of s?
2
Let n(r) = -r**3 + 2*r**2 + 2*r - 1. Let w = 41 - 38. Let h be n(w). What is the tens digit of 75 - (-12)/(-30)*(h + -1)?
7
Let i = -3786 + 8378. What is the thousands digit of i?
4
Let b(z) = -z**2 - 16*z + 7. Let p be b(-16). Suppose -4*r + 43 = p. Suppose 3*t = r*t - 882. What is the tens digit of t?
4
Let w(n) = -n**3 - 10*n**2 + 4*n - 5. Let a be w(-9). Let i = a - -128. What is the tens digit of (8/i)/((-32)/(-2352))?
9
Let k(g) = -g**2 - 11*g - 8. Let j(i) = 3*i**2 + 21*i + 15. Let c(x) = -2*j(x) - 5*k(x). Let l be c(14). What is the tens digit of (-4)/(90/(-280) - l/14)?
1
Let z = 426 - 434. Let n(s) = 18*s**2 + s + 35. What is the hundreds digit of n(z)?
1
Let n = -273 + 309. Suppose -15994 = -n*y + 25*y. What is the thousands digit of y?
1
Suppose 3*b + 164 = -91. Let r be 40/(-4 + -4) + 189. Let q = r + b. What is the units digit of q?
9
Let t = 4819 + -2689. What is the units digit of t?
0
Suppose 0 = -2*c + 4*x + 47038, 0 = -2*c + 584*x - 589*x + 47092. What is the hundreds digit of c?
5
Suppose 316862 = -100*c + 126*c. What is the tens digit of c?
8
Let j(w) be the first derivative of w**3/3 + 17*w**2/2 + 101*w + 120. What is the units digit of j(-13)?
9
Let s = -5443 + 9260. What is the thousands digit of s?
3
Let h(y) = -2*y**3 + 11*y**2 - 3*y - 15. Let n be h(7). Let u = n - -253. What is the units digit of u?
0
What is the units digit of (-63290)/(-4) + 561/1122?
3
What is the tens digit of (-149)/(-596) + (-3)/12*-90175?
4
Let z(i) = -2*i**2 - 4*i + 10. Let r be z(2). What is the tens digit of (-181)/r - (-10)/(-60)?
3
Let q = -7 - 81. Suppose -24*c + 900 = -19*c. Let m = q + c. What is the tens digit of m?
9
Let r be 10/(-4) - 4/8. Let z(f) be the third derivative of -37*f**4/24 + 17*f**3/6 - 63*f**2 - 7. What is the tens digit of z(r)?
2
Suppose 17*r - 20 = -3*v + 18*r, v = -3*r. Let p be ((-42)/(-4))/((-1)/(-12)). Suppose -v*k + p = -282. What is the units digit of k?
8
Suppose -16*w = -13*w - 285. Suppose -w*c - 642 = -98*c. What is the hundreds digit of c?
2
What is the thousands digit of (483/(-28))/(14/(-3192))?
3
Let n be 35/3*135/75. What is the units digit of -2 + 4660/12 + (-7)/n?
6
Suppose 5*o - 731 = -2*m + 1211, 5*m - 4*o = 4789. Let c = m - 579. What is the hundreds digit of c?
3
Let c(i) be the first derivative of -13*i**2/2 - 15*i + 11. Let n = -27 + 21. What is the tens digit of c(n)?
6
Let g be (-4)/12 - ((-5376)/9 - 3). Let r = 1729 - g. What is the hundreds digit of r?
1
Let n(c) be the first derivative of 0*c**2 - 8 + c**3 - 2*c - 7/4*c**4. What is the units digit of n(-2)?
6
Suppose 0 = 4*d + 12, 100*d = -5*k + 98*d + 66774. What is the ten thousands digit of k?
1
Let t = 239 - 139. Suppose 970 = t*x - 95*x. What is the tens digit of x?
9
Let a = 34795 - 24564. What is the ten thousands digit of a?
1
Suppose -5*v + 4*c + 14040 = -12080, -26155 = -5*v - 3*c. What is the thousands digit of v?
5
What is the thousands digit of (650 + -12)*312/3?
6
What is the units digit of 1127 + (-9 - 4 - 1)?
3
Let w = -9326 - -30785. What is the tens digit of w?
5
Suppose 0*d + 5*d - 15 = 0. Suppose 4*v - v = 0. Suppose v*o - 114 = -d*o. What is the units digit of o?
8
Suppose 0 = -30*d - 64 + 244. What is the tens digit of d/24 + (-3)/(24/(-6214))?
7
Suppose 0 = 5*w - 4*w. Let u(x) = 314*x + 10. Let a be u(0). Suppose 2*n + a*n - 156 = w. What is the units digit of n?
3
Let z(l) = -1905*l**3 + 22*l**2 - 8*l + 2. What is the hundreds digit of z(-2)?
3
Let l be 10/(-2) - 17/68*44. Let r(x) = -15*x + 288. What is the units digit of r(l)?
8
Let n = -1 + -1. Let d(m) = -87*m. Let g(h) = 23*h + 1. Let s(c) = -d(c) - 6*g(c). What is the tens digit of s(n)?
9
Suppose 15*m + 131 - 246819 = -48283. What is the thousands digit of m?
3
Suppose f = 3*a - 3*f + 186, 124 = -2*a - 3*f. Let t = a - -66. Suppose 3*y = t*s - 303, -7 - 83 = -s - 4*y. What is the tens digit of s?
7
Let l = -139 + 48. Let s = -511 + 483. Let k = s - l. What is the units digit of k?
3
Let z be (-6 - -4) + 1/(2/8). Let l be -15*9/(45/(-58)). Suppose -z*p + l = p. What is the tens digit of p?
5
Let a = 7588 + -3926. What is the units digit of a?
2
Let r(k) = 17*k**2 - 4*k + 11. Let z = 253 + -258. What is the units digit of r(z)?
6
Let l(q) = 7*q - 115. Let f be l(16). Let g(a) = -11*a**3 - a**2 - 4*a - 9. What is the units digit of g(f)?
1
Let i(c) = -c**2 + 15*c - 21. Let d be i(18). Let m = -36 - d. Suppose -3*o = m - 87. What is the units digit of o?
6
Suppose 0 = 16*y - 10*y + 336. Let v = 91 + y. Suppose -3*f - z = -2*z - 109, f + z = v. What is the tens digit of f?
3
Let r(g) be the first derivative of -14*g**2 - 44*g - 1. Let y(f) = -84*f - 133. Let x(n) = -17*r(n) + 6*y(n). What is the hundreds digit of x(-6)?
1
Suppose 0 = 73*g - 69*g + p - 3, -4*g = -2*p - 18. Suppose g*v - 36*v = -27098. What is the hundreds digit of v?
7
Suppose -133 - 146 = -9*w. Suppose -4550 = 18*p - w*p. What is the units digit of p?
0
Let f = 73 - 62. Suppose -5*u = -q + 4, -5*u - f = -4*q + 5. Suppose -6*i + 177 + 105 = u. What is the units digit of i?
7
What is the units digit of (154513/(-447))/((-2)/24)?
8
Let m(f) = -f**3 + 23*f**2 + 25*f - 18. Let z be m(24). Suppose -23*v + z*v + 19941 = 0. What is the hundreds digit of v?
1
Let x = 7 - -73. Let v = x - 19. Suppose 3*s + 61 = 5*h - 42, -v = -3*h + s. What is the tens digit of h?
2
Let r = 31 + -28. Let d be 2 + -5 + 2 + (r - 2). Suppose 4*y = p + 52, -5*y - p - 2 + 67 = d. What is the tens digit of y?
1
Let r = -32 - -180. Suppose 32 = 3*n - a + 18, n + 6 = -5*a. Suppose 68 = t - n*z, 2*t = -t - 2*z + r. What is the tens digit of t?
5
Let c = 44 - 47. Let l be (-714)/c - 7/7. Suppose 3 = j - 0, 3*x - 2*j - l = 0. What is the tens digit of x?
8
Suppose 2016 = -17*h + 9*h. Let t = h - -439. What is the hundreds digit of t?
1
Suppose 505935 = 35*m + 12*m - 1797958. What is the tens digit of m?
1
Let o be 91/28 - 3/12. Let t(p) = 0 - 3*p**2 - 3 + 11*p**2 + 4*p - p**o - 8*p. What is the tens digit of t(5)?
5
Suppose -132*u = -2*k - 127*u + 100133, 3*k - 3*u - 150204 = 0. What is the tens digit of k?
6
Let x be (-4)/(-38) - (-372)/76. Suppose -5*o = -10*o - x*l + 3350, -3*o + 3*l = -2034. What is the tens digit of o?
7
What is the units digit of 1901619/135 + 952/(-105) + 9?
6
Suppose -31473 = -5*m -